) - -3. Let l be 152/114*330/2. Calculate the greatest common divisor of l and r.
20
Let a(u) = 3*u**3 - u**2 + 2*u - 15. Let k be a(3). Let y(r) = 2*r**2. Let o be y(-2). Let w = 17 - o. Calculate the greatest common factor of w and k.
9
Let i(g) = 6*g**2 + 14*g - 24. Let d be i(7). Let t be (d/28)/((-2)/(-7)). What is the highest common divisor of 184 and t?
46
Suppose 0 = -o + 8*o - 14. Suppose 2*p = -o*p + 72. Suppose 0*l + 3*l = -15, -s + 2*l + 16 = 0. What is the highest common divisor of s and p?
6
Let g(b) be the first derivative of 33*b + 1/3*b**3 - 10*b**2 + 25. Let y be g(19). What is the greatest common divisor of 35 and y?
7
Suppose -g - 3 = 2*g, 123 = 5*r - 3*g. Let x be (70/(-20))/((-2)/r). What is the highest common factor of x and 28?
14
Let u(k) = -4*k + 7. Let j be u(12). Let p = j - -48. Calculate the greatest common divisor of p and 7.
7
Let l(h) = 7*h**3 + 51*h**2 + 38*h. Let f be l(-6). Calculate the highest common factor of 3504 and f.
48
Let s be -3 + 1/(-2)*140/(-5). Let b(f) = 10*f - 6 + 63*f - s - 2. Let j be b(3). Calculate the highest common factor of 40 and j.
40
Suppose -246*i + 138*i = -87048. Calculate the highest common divisor of i and 465.
31
Suppose -16*l + 17*l = 4. Suppose 0 = 3*v + f - 9, -5*v = -l*v - 4*f - 16. Let u be (-5)/(-35) + (-110)/(-14). What is the highest common divisor of u and v?
4
Suppose -114668 + 375214 = 20*d + 6*d. Calculate the greatest common factor of d and 33.
11
Let q be 89 - 44 - (2 - -1). What is the highest common divisor of q and 112?
14
Let c = -20 + 13. Let v = c - -17. Let p be 3*-1*(5 + 0 - v). What is the greatest common factor of 75 and p?
15
Suppose -11281*i + 11350*i = 256473. Calculate the highest common factor of i and 21.
21
Let m be 2/((2 - 3)/(-74)). Suppose -5*u - 3*r + m = 0, u + 6*r = r + 12. What is the greatest common divisor of u and 32?
32
Let z(u) = 2*u**3 - 3*u**2 - 14*u. Let m be z(5). Let n be (3/5)/(3/m). What is the greatest common divisor of n and 84?
21
Suppose 753 = 6*l - 3405. Let v = -181 + l. What is the greatest common factor of v and 8?
8
Let h be (-33)/(-3)*(-7 - (-2 + -4)). Let x(t) = 2*t**3 + 21*t**2 - 23*t + 21. Let l be x(h). Calculate the greatest common divisor of 17 and l.
17
Let r be (-18)/(-12)*32/6 + -4. Suppose 2*c + 0*c = 2. Suppose -a = -3, s - a - c = r. Calculate the highest common factor of 32 and s.
8
Suppose 77*c + 66*c = 61490. Calculate the highest common divisor of c and 10.
10
Let g be 33 - (27/18 + -2)*6. Calculate the highest common divisor of g and 342.
18
Let d = 169 + -109. Let f be 45/6*5 - d/24. What is the greatest common divisor of 10 and f?
5
Suppose -3*h - 4926 = -2*g, g - 10*h - 2461 = -9*h. Calculate the highest common divisor of g and 63.
63
Suppose -2*y - 2*m = -12, 0*y - 4*y - 2*m + 32 = 0. Let b be (-2)/y - (-5624)/95. What is the highest common divisor of b and 59?
59
Let x(b) = 567*b + 1. Let d be x(-1). Let w = -296 - d. Calculate the highest common divisor of 10 and w.
10
Suppose 0 = 34*o - 39*o + z + 70, 3*o - 4*z = 42. Calculate the highest common factor of o and 142.
2
Suppose -286*c + 243638 = -1097702. Calculate the highest common factor of c and 536.
134
Let g = 1295 - 965. What is the highest common divisor of 88 and g?
22
Suppose -4*g - 1210 = 30*c - 32*c, 3*c = -g + 1829. What is the greatest common factor of c and 273?
21
Suppose -6*t = -40 - 26. Suppose 0 = t*p - 13*p + 20. Let q = -63 - -88. What is the highest common factor of p and q?
5
Let o(d) = -d**2 - d + 1. Let n(a) = 2*a**3 - 11*a**2 + 7*a - 15. Let j(s) = n(s) + 5*o(s). Let z be j(8). Calculate the greatest common factor of z and 162.
6
Let n = 74 + -59. Let k be n - -2 - (-2 - -1). Suppose -5*q - q + k = 0. What is the greatest common divisor of 24 and q?
3
Let w be 6/(((-2)/(-21))/(51/357)). Let j(u) be the first derivative of -u**2 - 9*u - 4. Let t be j(-6). Calculate the greatest common factor of t and w.
3
Let h = 3418 + -1668. Calculate the greatest common divisor of h and 100.
50
Let o = 4983 + -3927. Calculate the greatest common factor of o and 960.
96
Let p(q) = 34*q**3 - q**2 - 5*q + 3. Suppose -8*v - 71 - 265 = 0. Let g = -40 - v. Let a be p(g). Calculate the greatest common divisor of a and 29.
29
Let u(w) = w**3 + 5 + 16*w - 13*w - 5*w**2 + 0*w**2. Let a be u(5). Suppose -3*f = -v + a, v + 2*f = 12 + 8. What is the highest common divisor of v and 8?
4
Let i(f) = -24*f + 326. Let a be i(13). What is the greatest common factor of a and 434?
14
Let p = -13622 - -15420. Calculate the greatest common divisor of p and 372.
62
Suppose 18*y = -527 + 4541. Suppose 2*i - 94 = -0*i - 4*t, -t = 4*i - y. What is the greatest common divisor of 304 and i?
19
Let n(i) = -i**2 + 9*i - 18. Let s be n(5). Suppose 9*p + 534 = 12*p + 4*x, 0 = -4*x. What is the highest common divisor of p and s?
2
Let w = 7 + -4. Let c = 553 - 556. Let y be ((-1)/c)/((-1)/(-63)). What is the greatest common factor of y and w?
3
Let t = 28289 + -28265. Calculate the greatest common factor of t and 12036.
12
Suppose 3*t + 0 = 9. Suppose -4*h + 24 = x, 16*x - 12*x - 2*h = 204. What is the highest common divisor of t and x?
3
Let o(j) = 60*j - 208. Let a be o(5). Let h = 100 + a. Calculate the highest common divisor of 256 and h.
64
Let d = 685 - 640. Let w = 118 - 13. Calculate the highest common factor of d and w.
15
Let k = -31799 + 56978. What is the greatest common factor of k and 109?
109
Suppose 0 = -5*n + 3*m + 4761 + 2141, 5*m + 5532 = 4*n. What is the highest common divisor of 78 and n?
26
Let c = -43 + 45. Suppose -c*r + 2*z - 72 = -4*r, 5*r = z + 180. Suppose -5*b = -2*v - r, 0*v - 2*v = 2*b - 20. What is the greatest common factor of b and 72?
8
Let j = -643 + 647. Suppose j*r + 0*r - 750 = -3*g, 4*g - 937 = -5*r. What is the greatest common divisor of r and 14?
7
Let r(t) = -6*t + 163. Let g(o) = 29*o - 815. Let m(l) = 2*g(l) + 11*r(l). Let z be m(16). What is the highest common divisor of z and 665?
35
Let k = -76 - -126. Let p be (k/(-6))/(2/6). Let f(j) = -j**2 - 30*j + 43. Let m be f(p). Calculate the highest common factor of 24 and m.
24
Let c = 381 - 118. Let s be c - ((-112)/98)/(2/(-7)). Calculate the highest common factor of 7 and s.
7
Let j = -40837 + 40861. Calculate the highest common factor of 4152 and j.
24
Let c = -21 + 34. Let y be 1/(-2 + c/7). Let k(g) = g**2 + 2*g - 4. Let i be k(y). Calculate the greatest common divisor of 155 and i.
31
Let s = 5098 + -5074. Suppose -3*n + 7 = -2*n + u, -5*n - u = -19. What is the greatest common divisor of s and n?
3
Let i = -266 + 302. Let a(k) = 3*k - 82. Let s be a(i). Suppose -3*r + 12 = 0, -r + 816 = 4*x - 5*r. Calculate the greatest common divisor of s and x.
26
Let j(s) = s**3 + 7*s**2 - 4*s + 3. Let g be j(-6). Suppose -87*q + 25*q = -1302. Calculate the highest common factor of g and q.
21
Let g(o) = 28*o**2 + 5*o + 6. Let w = 132 + -129. Let h be g(w). Calculate the highest common divisor of h and 63.
21
Let v = 21 + -19. Let d be (v + -5)/((-6)/4). Let q(a) = 2*a**2 + 41*a - 7. Let x be q(-21). What is the highest common divisor of x and d?
2
Let t be (-106)/(-4) + (-6)/(-4). Let a = -314 - -314. Suppose -5*f + 37 + t = a. What is the highest common divisor of f and 26?
13
Let x(d) = 3*d**2 + 11*d - 19. Let w(j) = j**2 - j. Let v(t) = -2*w(t) + x(t). Let i be v(11). What is the greatest common factor of 35 and i?
35
Let r be 8/28 + 1012/(-14). Let f be (r/54)/((-12)/171). What is the greatest common factor of f and 247?
19
Let l(o) = -3*o**3 + 3*o**2 + 14*o - 18. Let j be l(4). Let f be j*(-4 - (4 - 6)). Calculate the greatest common factor of f and 265.
53
Let t(d) = -12*d**2 - 52*d + 2. Suppose -6*q - 13 = -3*q - 4*l, -q - 8 = -5*l. Let h be t(q). What is the greatest common divisor of h and 1600?
50
Let y be -2*(8574/(-12) + -4). Suppose 8*n = 1323 + y. What is the greatest common divisor of n and 23?
23
Let f(d) = d**2 + 8*d - 17. Let i be f(-13). Suppose 0 = -3*a + l + 146, -6*a - 5*l = -5*a - 38. What is the highest common divisor of i and a?
48
Suppose 1477*m + 3 = 1480*m, 5*o - 405 = -5*m. Calculate the highest common divisor of 235 and o.
5
Let y(a) = -7*a**3 + 7*a**2 - 7*a + 5. Let r be y(4). Let j = r + 419. What is the highest common divisor of j and 100?
20
Let